{"id":1719,"date":"2025-08-29T21:28:35","date_gmt":"2025-08-29T19:28:35","guid":{"rendered":"https:\/\/presses-itcj.ci\/?post_type=product&#038;p=1719"},"modified":"2025-08-29T21:28:35","modified_gmt":"2025-08-29T19:28:35","slug":"deuxieme-assemblee-speciale-pour-lafrique-2eme-synode-special","status":"publish","type":"product","link":"https:\/\/presses-itcj.ci\/index.php\/produit\/deuxieme-assemblee-speciale-pour-lafrique-2eme-synode-special\/","title":{"rendered":"Deuxi\u00e8me assembl\u00e9e sp\u00e9ciale pour l\u2019Afrique (2\u00e8me synode sp\u00e9cial)"},"content":{"rendered":"<p>Dans une pr\u00e9sentation des th\u00e9matiques que sous-entendent les <em>Lineamenta<\/em> de la Deuxi\u00e8me Assembl\u00e9e sp\u00e9ciale pour l\u2019Afrique, les participants du I<sup>er<\/sup> colloque inter-institut CFMA &#8211; ITCJ ont soulign\u00e9 les th\u00e8mes qui sont importants pour l\u2019Eglise Famille de Dieu en Afrique<\/p>\n","protected":false},"excerpt":{"rendered":"<p>Dans une pr\u00e9sentation des th\u00e9matiques que sous-entendent les Lineamenta de la Deuxi\u00e8me Assembl\u00e9e sp\u00e9ciale pour l\u2019Afrique, les participants du Ier colloque inter-institut CFMA &#8211; ITCJ ont soulign\u00e9 les th\u00e8mes qui sont importants pour l\u2019Eglise Famille de Dieu en Afrique<\/p>\n","protected":false},"featured_media":1720,"comment_status":"open","ping_status":"closed","template":"","meta":[],"product_brand":[],"product_cat":[88],"product_tag":[],"class_list":{"0":"post-1719","1":"product","2":"type-product","3":"status-publish","4":"has-post-thumbnail","6":"product_cat-colloques-icma-itcj","8":"first","9":"instock","10":"shipping-taxable","11":"purchasable","12":"product-type-simple"},"_links":{"self":[{"href":"https:\/\/presses-itcj.ci\/index.php\/wp-json\/wp\/v2\/product\/1719","targetHints":{"allow":["GET"]}}],"collection":[{"href":"https:\/\/presses-itcj.ci\/index.php\/wp-json\/wp\/v2\/product"}],"about":[{"href":"https:\/\/presses-itcj.ci\/index.php\/wp-json\/wp\/v2\/types\/product"}],"replies":[{"embeddable":true,"href":"https:\/\/presses-itcj.ci\/index.php\/wp-json\/wp\/v2\/comments?post=1719"}],"wp:featuredmedia":[{"embeddable":true,"href":"https:\/\/presses-itcj.ci\/index.php\/wp-json\/wp\/v2\/media\/1720"}],"wp:attachment":[{"href":"https:\/\/presses-itcj.ci\/index.php\/wp-json\/wp\/v2\/media?parent=1719"}],"wp:term":[{"taxonomy":"product_brand","embeddable":true,"href":"https:\/\/presses-itcj.ci\/index.php\/wp-json\/wp\/v2\/product_brand?post=1719"},{"taxonomy":"product_cat","embeddable":true,"href":"https:\/\/presses-itcj.ci\/index.php\/wp-json\/wp\/v2\/product_cat?post=1719"},{"taxonomy":"product_tag","embeddable":true,"href":"https:\/\/presses-itcj.ci\/index.php\/wp-json\/wp\/v2\/product_tag?post=1719"}],"curies":[{"name":"wp","href":"https:\/\/api.w.org\/{rel}","templated":true}]}}