{"id":1717,"date":"2025-08-29T21:27:33","date_gmt":"2025-08-29T19:27:33","guid":{"rendered":"https:\/\/presses-itcj.ci\/?post_type=product&#038;p=1717"},"modified":"2025-08-29T21:27:33","modified_gmt":"2025-08-29T19:27:33","slug":"vie-consacree-et-famille-africaine","status":"publish","type":"product","link":"https:\/\/presses-itcj.ci\/index.php\/produit\/vie-consacree-et-famille-africaine\/","title":{"rendered":"Vie consacr\u00e9e et famille africaine"},"content":{"rendered":"<p>Les actes du colloque CFMA*-ITCJ sur la vie consacr\u00e9e et la famille en Afrique sont des r\u00e9flexions pour harmoniser et bien vivre les deux modes de vie. Ils jettent les jalons pour une harmonie entre les deux vies familiales en Afrique<\/p>\n","protected":false},"excerpt":{"rendered":"<p>Les actes du colloque CFMA*-ITCJ sur la vie consacr\u00e9e et la famille en Afrique sont des r\u00e9flexions pour harmoniser et bien vivre les deux modes de vie. Ils jettent les jalons pour une harmonie entre les deux vies familiales en Afrique<\/p>\n","protected":false},"featured_media":1718,"comment_status":"open","ping_status":"closed","template":"","meta":[],"product_brand":[],"product_cat":[88],"product_tag":[],"class_list":{"0":"post-1717","1":"product","2":"type-product","3":"status-publish","4":"has-post-thumbnail","6":"product_cat-colloques-icma-itcj","8":"first","9":"instock","10":"shipping-taxable","11":"purchasable","12":"product-type-simple"},"_links":{"self":[{"href":"https:\/\/presses-itcj.ci\/index.php\/wp-json\/wp\/v2\/product\/1717","targetHints":{"allow":["GET"]}}],"collection":[{"href":"https:\/\/presses-itcj.ci\/index.php\/wp-json\/wp\/v2\/product"}],"about":[{"href":"https:\/\/presses-itcj.ci\/index.php\/wp-json\/wp\/v2\/types\/product"}],"replies":[{"embeddable":true,"href":"https:\/\/presses-itcj.ci\/index.php\/wp-json\/wp\/v2\/comments?post=1717"}],"wp:featuredmedia":[{"embeddable":true,"href":"https:\/\/presses-itcj.ci\/index.php\/wp-json\/wp\/v2\/media\/1718"}],"wp:attachment":[{"href":"https:\/\/presses-itcj.ci\/index.php\/wp-json\/wp\/v2\/media?parent=1717"}],"wp:term":[{"taxonomy":"product_brand","embeddable":true,"href":"https:\/\/presses-itcj.ci\/index.php\/wp-json\/wp\/v2\/product_brand?post=1717"},{"taxonomy":"product_cat","embeddable":true,"href":"https:\/\/presses-itcj.ci\/index.php\/wp-json\/wp\/v2\/product_cat?post=1717"},{"taxonomy":"product_tag","embeddable":true,"href":"https:\/\/presses-itcj.ci\/index.php\/wp-json\/wp\/v2\/product_tag?post=1717"}],"curies":[{"name":"wp","href":"https:\/\/api.w.org\/{rel}","templated":true}]}}