{"id":1715,"date":"2025-08-29T21:25:38","date_gmt":"2025-08-29T19:25:38","guid":{"rendered":"https:\/\/presses-itcj.ci\/?post_type=product&#038;p=1715"},"modified":"2025-08-29T21:25:38","modified_gmt":"2025-08-29T19:25:38","slug":"le-pretre-dans-la-societe-africaine-aujourdhui","status":"publish","type":"product","link":"https:\/\/presses-itcj.ci\/index.php\/produit\/le-pretre-dans-la-societe-africaine-aujourdhui\/","title":{"rendered":"Le pr\u00eatre dans la soci\u00e9t\u00e9 africaine aujourd\u2019hui"},"content":{"rendered":"<p>Les communications du pr\u00e9sent colloque ont abord\u00e9 les aspects de la doctrine du sacerdoce dans l\u2019Eglise catholique et de la vie sacerdotale en Afrique. Elles sont une relecture de la vocation du pr\u00eatre dans la soci\u00e9t\u00e9 africaine d\u2019aujourd\u2019hui<\/p>\n","protected":false},"excerpt":{"rendered":"<p>Les communications du pr\u00e9sent colloque ont abord\u00e9 les aspects de la doctrine du sacerdoce dans l\u2019Eglise catholique et de la vie sacerdotale en Afrique. Elles sont une relecture de la vocation du pr\u00eatre dans la soci\u00e9t\u00e9 africaine d\u2019aujourd\u2019hui<\/p>\n","protected":false},"featured_media":1716,"comment_status":"open","ping_status":"closed","template":"","meta":[],"product_brand":[],"product_cat":[88],"product_tag":[],"class_list":{"0":"post-1715","1":"product","2":"type-product","3":"status-publish","4":"has-post-thumbnail","6":"product_cat-colloques-icma-itcj","8":"first","9":"instock","10":"shipping-taxable","11":"purchasable","12":"product-type-simple"},"_links":{"self":[{"href":"https:\/\/presses-itcj.ci\/index.php\/wp-json\/wp\/v2\/product\/1715","targetHints":{"allow":["GET"]}}],"collection":[{"href":"https:\/\/presses-itcj.ci\/index.php\/wp-json\/wp\/v2\/product"}],"about":[{"href":"https:\/\/presses-itcj.ci\/index.php\/wp-json\/wp\/v2\/types\/product"}],"replies":[{"embeddable":true,"href":"https:\/\/presses-itcj.ci\/index.php\/wp-json\/wp\/v2\/comments?post=1715"}],"wp:featuredmedia":[{"embeddable":true,"href":"https:\/\/presses-itcj.ci\/index.php\/wp-json\/wp\/v2\/media\/1716"}],"wp:attachment":[{"href":"https:\/\/presses-itcj.ci\/index.php\/wp-json\/wp\/v2\/media?parent=1715"}],"wp:term":[{"taxonomy":"product_brand","embeddable":true,"href":"https:\/\/presses-itcj.ci\/index.php\/wp-json\/wp\/v2\/product_brand?post=1715"},{"taxonomy":"product_cat","embeddable":true,"href":"https:\/\/presses-itcj.ci\/index.php\/wp-json\/wp\/v2\/product_cat?post=1715"},{"taxonomy":"product_tag","embeddable":true,"href":"https:\/\/presses-itcj.ci\/index.php\/wp-json\/wp\/v2\/product_tag?post=1715"}],"curies":[{"name":"wp","href":"https:\/\/api.w.org\/{rel}","templated":true}]}}

Le prêtre dans la société africaine aujourd’hui

<p>Les communications du présent colloque ont abordé les aspects de la doctrine du sacerdoce dans l’Eglise catholique et de la vie sacerdotale en Afrique. Elles sont une relecture de la vocation du prêtre dans la société africaine d’aujourd’hui</p>
