{"id":1713,"date":"2025-08-29T21:24:55","date_gmt":"2025-08-29T19:24:55","guid":{"rendered":"https:\/\/presses-itcj.ci\/?post_type=product&#038;p=1713"},"modified":"2025-08-29T21:24:56","modified_gmt":"2025-08-29T19:24:56","slug":"vie-consacree-en-afrique-memoire-de-leglise-et-vocation-prophetique","status":"publish","type":"product","link":"https:\/\/presses-itcj.ci\/index.php\/produit\/vie-consacree-en-afrique-memoire-de-leglise-et-vocation-prophetique\/","title":{"rendered":"Vie consacr\u00e9e en Afrique : M\u00e9moire de l\u2019Eglise et vocation proph\u00e9tique"},"content":{"rendered":"<p>Les Actes du VIII\u00e8me colloque ICMA-ITCJ invitent les lecteurs et lectrices, en l\u2019occurrence les religieux et religieuses, \u00e0 r\u00e9fl\u00e9chir en profondeur sur la vie consacr\u00e9e et la mani\u00e8re sp\u00e9cifique de la vivre en Afrique<\/p>\n","protected":false},"excerpt":{"rendered":"<p>Les Actes du VIII\u00e8me colloque ICMA-ITCJ invitent les lecteurs et lectrices, en l\u2019occurrence les religieux et religieuses, \u00e0 r\u00e9fl\u00e9chir en profondeur sur la vie consacr\u00e9e et la mani\u00e8re sp\u00e9cifique de la vivre en Afrique<\/p>\n","protected":false},"featured_media":1714,"comment_status":"open","ping_status":"closed","template":"","meta":[],"product_brand":[],"product_cat":[88],"product_tag":[],"class_list":{"0":"post-1713","1":"product","2":"type-product","3":"status-publish","4":"has-post-thumbnail","6":"product_cat-colloques-icma-itcj","8":"first","9":"instock","10":"shipping-taxable","11":"purchasable","12":"product-type-simple"},"_links":{"self":[{"href":"https:\/\/presses-itcj.ci\/index.php\/wp-json\/wp\/v2\/product\/1713","targetHints":{"allow":["GET"]}}],"collection":[{"href":"https:\/\/presses-itcj.ci\/index.php\/wp-json\/wp\/v2\/product"}],"about":[{"href":"https:\/\/presses-itcj.ci\/index.php\/wp-json\/wp\/v2\/types\/product"}],"replies":[{"embeddable":true,"href":"https:\/\/presses-itcj.ci\/index.php\/wp-json\/wp\/v2\/comments?post=1713"}],"wp:featuredmedia":[{"embeddable":true,"href":"https:\/\/presses-itcj.ci\/index.php\/wp-json\/wp\/v2\/media\/1714"}],"wp:attachment":[{"href":"https:\/\/presses-itcj.ci\/index.php\/wp-json\/wp\/v2\/media?parent=1713"}],"wp:term":[{"taxonomy":"product_brand","embeddable":true,"href":"https:\/\/presses-itcj.ci\/index.php\/wp-json\/wp\/v2\/product_brand?post=1713"},{"taxonomy":"product_cat","embeddable":true,"href":"https:\/\/presses-itcj.ci\/index.php\/wp-json\/wp\/v2\/product_cat?post=1713"},{"taxonomy":"product_tag","embeddable":true,"href":"https:\/\/presses-itcj.ci\/index.php\/wp-json\/wp\/v2\/product_tag?post=1713"}],"curies":[{"name":"wp","href":"https:\/\/api.w.org\/{rel}","templated":true}]}}

Vie consacrée en Afrique : Mémoire de l’Eglise et vocation prophétique

<p>Les Actes du VIIIème colloque ICMA-ITCJ invitent les lecteurs et lectrices, en l’occurrence les religieux et religieuses, à réfléchir en profondeur sur la vie consacrée et la manière spécifique de la vivre en Afrique</p>
