{"id":1699,"date":"2025-08-29T20:54:55","date_gmt":"2025-08-29T18:54:55","guid":{"rendered":"https:\/\/presses-itcj.ci\/?post_type=product&#038;p=1699"},"modified":"2025-08-29T20:54:55","modified_gmt":"2025-08-29T18:54:55","slug":"la-vie-chretienne-dans-la-cite","status":"publish","type":"product","link":"https:\/\/presses-itcj.ci\/index.php\/produit\/la-vie-chretienne-dans-la-cite\/","title":{"rendered":"La vie chr\u00e9tienne dans la cit\u00e9"},"content":{"rendered":"<p>Ce livre donne aux chr\u00e9tiens une connaissance de leur identit\u00e9 et des \u00e9l\u00e9ments pour les aider \u00e0 vivre des valeurs chr\u00e9tiennes afin de t\u00e9moigner de leur a foi dans le monde<\/p>\n","protected":false},"excerpt":{"rendered":"<p>Ce livre donne aux chr\u00e9tiens une connaissance de leur identit\u00e9 et des \u00e9l\u00e9ments pour les aider \u00e0 vivre des valeurs chr\u00e9tiennes afin de t\u00e9moigner de leur a foi dans le monde<\/p>\n","protected":false},"featured_media":1700,"comment_status":"open","ping_status":"closed","template":"","meta":[],"product_brand":[],"product_cat":[95],"product_tag":[],"class_list":{"0":"post-1699","1":"product","2":"type-product","3":"status-publish","4":"has-post-thumbnail","6":"product_cat-hamanien-fe","8":"first","9":"instock","10":"shipping-taxable","11":"purchasable","12":"product-type-simple"},"_links":{"self":[{"href":"https:\/\/presses-itcj.ci\/index.php\/wp-json\/wp\/v2\/product\/1699","targetHints":{"allow":["GET"]}}],"collection":[{"href":"https:\/\/presses-itcj.ci\/index.php\/wp-json\/wp\/v2\/product"}],"about":[{"href":"https:\/\/presses-itcj.ci\/index.php\/wp-json\/wp\/v2\/types\/product"}],"replies":[{"embeddable":true,"href":"https:\/\/presses-itcj.ci\/index.php\/wp-json\/wp\/v2\/comments?post=1699"}],"wp:featuredmedia":[{"embeddable":true,"href":"https:\/\/presses-itcj.ci\/index.php\/wp-json\/wp\/v2\/media\/1700"}],"wp:attachment":[{"href":"https:\/\/presses-itcj.ci\/index.php\/wp-json\/wp\/v2\/media?parent=1699"}],"wp:term":[{"taxonomy":"product_brand","embeddable":true,"href":"https:\/\/presses-itcj.ci\/index.php\/wp-json\/wp\/v2\/product_brand?post=1699"},{"taxonomy":"product_cat","embeddable":true,"href":"https:\/\/presses-itcj.ci\/index.php\/wp-json\/wp\/v2\/product_cat?post=1699"},{"taxonomy":"product_tag","embeddable":true,"href":"https:\/\/presses-itcj.ci\/index.php\/wp-json\/wp\/v2\/product_tag?post=1699"}],"curies":[{"name":"wp","href":"https:\/\/api.w.org\/{rel}","templated":true}]}}