{"id":1692,"date":"2025-08-29T20:48:52","date_gmt":"2025-08-29T18:48:52","guid":{"rendered":"https:\/\/presses-itcj.ci\/?post_type=product&#038;p=1692"},"modified":"2025-08-29T20:48:52","modified_gmt":"2025-08-29T18:48:52","slug":"pauvrete-et-richesse-dans-la-bible","status":"publish","type":"product","link":"https:\/\/presses-itcj.ci\/index.php\/produit\/pauvrete-et-richesse-dans-la-bible\/","title":{"rendered":"Pauvret\u00e9 et richesse dans la Bible"},"content":{"rendered":"<p>Ce volume est une contribution des membres de l\u2019APECA-PACE, \u00e0 la lumi\u00e8re de la Bible, \u00e0 r\u00e9soudre les probl\u00e8mes et les questions que suscitent l\u2019existence et l\u2019utilisation des biens mat\u00e9riels en Afrique<\/p>\n","protected":false},"excerpt":{"rendered":"<p>Ce volume est une contribution des membres de l\u2019APECA-PACE, \u00e0 la lumi\u00e8re de la Bible, \u00e0 r\u00e9soudre les probl\u00e8mes et les questions que suscitent l\u2019existence et l\u2019utilisation des biens mat\u00e9riels en Afrique<\/p>\n","protected":false},"featured_media":1693,"comment_status":"open","ping_status":"closed","template":"","meta":[],"product_brand":[],"product_cat":[93],"product_tag":[],"class_list":{"0":"post-1692","1":"product","2":"type-product","3":"status-publish","4":"has-post-thumbnail","6":"product_cat-apeca","8":"first","9":"instock","10":"shipping-taxable","11":"purchasable","12":"product-type-simple"},"_links":{"self":[{"href":"https:\/\/presses-itcj.ci\/index.php\/wp-json\/wp\/v2\/product\/1692","targetHints":{"allow":["GET"]}}],"collection":[{"href":"https:\/\/presses-itcj.ci\/index.php\/wp-json\/wp\/v2\/product"}],"about":[{"href":"https:\/\/presses-itcj.ci\/index.php\/wp-json\/wp\/v2\/types\/product"}],"replies":[{"embeddable":true,"href":"https:\/\/presses-itcj.ci\/index.php\/wp-json\/wp\/v2\/comments?post=1692"}],"wp:featuredmedia":[{"embeddable":true,"href":"https:\/\/presses-itcj.ci\/index.php\/wp-json\/wp\/v2\/media\/1693"}],"wp:attachment":[{"href":"https:\/\/presses-itcj.ci\/index.php\/wp-json\/wp\/v2\/media?parent=1692"}],"wp:term":[{"taxonomy":"product_brand","embeddable":true,"href":"https:\/\/presses-itcj.ci\/index.php\/wp-json\/wp\/v2\/product_brand?post=1692"},{"taxonomy":"product_cat","embeddable":true,"href":"https:\/\/presses-itcj.ci\/index.php\/wp-json\/wp\/v2\/product_cat?post=1692"},{"taxonomy":"product_tag","embeddable":true,"href":"https:\/\/presses-itcj.ci\/index.php\/wp-json\/wp\/v2\/product_tag?post=1692"}],"curies":[{"name":"wp","href":"https:\/\/api.w.org\/{rel}","templated":true}]}}