{"id":1690,"date":"2025-08-29T20:47:31","date_gmt":"2025-08-29T18:47:31","guid":{"rendered":"https:\/\/presses-itcj.ci\/?post_type=product&#038;p=1690"},"modified":"2025-08-29T20:47:31","modified_gmt":"2025-08-29T18:47:31","slug":"conflits-et-reconciliation-dans-la-bible-2","status":"publish","type":"product","link":"https:\/\/presses-itcj.ci\/index.php\/produit\/conflits-et-reconciliation-dans-la-bible-2\/","title":{"rendered":"Conflits et r\u00e9conciliation dans la Bible"},"content":{"rendered":"<p>Au regard de la condition de l\u2019Afrique aux prises avec des crises multiformes et leurs cons\u00e9quences, l\u2019APECA-PACE offre un point de vue ex\u00e9g\u00e9tique et r\u00e9trospectif sur les th\u00e8mes de la r\u00e9conciliation et de la justice<\/p>\n","protected":false},"excerpt":{"rendered":"<p>Au regard de la condition de l\u2019Afrique aux prises avec des crises multiformes et leurs cons\u00e9quences, l\u2019APECA-PACE offre un point de vue ex\u00e9g\u00e9tique et r\u00e9trospectif sur les th\u00e8mes de la r\u00e9conciliation et de la justice<\/p>\n","protected":false},"featured_media":1691,"comment_status":"open","ping_status":"closed","template":"","meta":[],"product_brand":[],"product_cat":[93],"product_tag":[],"class_list":{"0":"post-1690","1":"product","2":"type-product","3":"status-publish","4":"has-post-thumbnail","6":"product_cat-apeca","8":"first","9":"instock","10":"shipping-taxable","11":"purchasable","12":"product-type-simple"},"_links":{"self":[{"href":"https:\/\/presses-itcj.ci\/index.php\/wp-json\/wp\/v2\/product\/1690","targetHints":{"allow":["GET"]}}],"collection":[{"href":"https:\/\/presses-itcj.ci\/index.php\/wp-json\/wp\/v2\/product"}],"about":[{"href":"https:\/\/presses-itcj.ci\/index.php\/wp-json\/wp\/v2\/types\/product"}],"replies":[{"embeddable":true,"href":"https:\/\/presses-itcj.ci\/index.php\/wp-json\/wp\/v2\/comments?post=1690"}],"wp:featuredmedia":[{"embeddable":true,"href":"https:\/\/presses-itcj.ci\/index.php\/wp-json\/wp\/v2\/media\/1691"}],"wp:attachment":[{"href":"https:\/\/presses-itcj.ci\/index.php\/wp-json\/wp\/v2\/media?parent=1690"}],"wp:term":[{"taxonomy":"product_brand","embeddable":true,"href":"https:\/\/presses-itcj.ci\/index.php\/wp-json\/wp\/v2\/product_brand?post=1690"},{"taxonomy":"product_cat","embeddable":true,"href":"https:\/\/presses-itcj.ci\/index.php\/wp-json\/wp\/v2\/product_cat?post=1690"},{"taxonomy":"product_tag","embeddable":true,"href":"https:\/\/presses-itcj.ci\/index.php\/wp-json\/wp\/v2\/product_tag?post=1690"}],"curies":[{"name":"wp","href":"https:\/\/api.w.org\/{rel}","templated":true}]}}